{"id":90,"date":"2013-08-09T21:47:18","date_gmt":"2013-08-09T19:47:18","guid":{"rendered":"http:\/\/osteria-vineria.com\/?page_id=90"},"modified":"2023-08-02T20:15:12","modified_gmt":"2023-08-02T18:15:12","slug":"kontakt","status":"publish","type":"page","link":"http:\/\/osteria-vineria.com\/?page_id=90","title":{"rendered":"Kontakt"},"content":{"rendered":"<p><div class=\"grid2column\"><iframe loading=\"lazy\" style=\"border: 0;\" src=\"https:\/\/www.google.com\/maps\/embed?pb=!1m18!1m12!1m3!1d2591.8677410528235!2d8.472978115696707!3d49.4870052793541!2m3!1f0!2f0!3f0!3m2!1i1024!2i768!4f13.1!3m3!1m2!1s0x4797cc20c0afd5ad%3A0x4ab1fff255bc680f!2sR7+25%2C+68161+Mannheim!5e0!3m2!1sfr!2sde!4v1554124614473!5m2!1sfr!2sde\" width=\"400\" height=\"300\" frameborder=\"0\" allowfullscreen=\"allowfullscreen\"><\/iframe><\/div><div class=\"grid2column lastcolumn\"><\/p>\n<h2>Franco<\/h2>\n<h2>Osteria Vineria<\/h2>\n<p>R7, 25<br \/>\n68161 Mannheim<br \/>\nTelefon: +49 (0)621 1819335<br \/>\n<!--Tel: +49 (0)621-1819335-->mail[at]osteria-vineria.com<\/p>\n<p><strong><em>Reservierungen<\/em><\/strong><em>&nbsp;sind leider nur nach telefonischer R\u00fccksprache m\u00f6glich.<\/em><\/p>\n<p><!--Bitte haben Sie Verst\u00e4ndnis daf\u00fcr, dass wir Reservierungen nur telefonisch entgegen nehmen k\u00f6nnen. Telefon: 0621-1819335--><br \/>\n<strong>\u00d6ffnungszeiten:<br \/>\n<\/strong><\/p>\n<div id=\"text-3\" class=\"widget homepage-widget widget_text\">\n<div class=\"textwidget\">\n<p>Di. &#8211; Sa.: 12-14 Uhr und 18:30 &#8211; 22:00 Uhr<br \/>\nSo.-Mo.: Ruhetag<\/p>\n<\/div>\n<\/div>\n<p><strong>Klimaanlage + Parkpl\u00e4tze<\/strong><\/div><div class=\"clearfix\"><\/div><\/p>\n","protected":false},"excerpt":{"rendered":"","protected":false},"author":2,"featured_media":989,"parent":0,"menu_order":0,"comment_status":"closed","ping_status":"closed","template":"","meta":[],"_links":{"self":[{"href":"http:\/\/osteria-vineria.com\/index.php?rest_route=\/wp\/v2\/pages\/90"}],"collection":[{"href":"http:\/\/osteria-vineria.com\/index.php?rest_route=\/wp\/v2\/pages"}],"about":[{"href":"http:\/\/osteria-vineria.com\/index.php?rest_route=\/wp\/v2\/types\/page"}],"author":[{"embeddable":true,"href":"http:\/\/osteria-vineria.com\/index.php?rest_route=\/wp\/v2\/users\/2"}],"replies":[{"embeddable":true,"href":"http:\/\/osteria-vineria.com\/index.php?rest_route=%2Fwp%2Fv2%2Fcomments&post=90"}],"version-history":[{"count":35,"href":"http:\/\/osteria-vineria.com\/index.php?rest_route=\/wp\/v2\/pages\/90\/revisions"}],"predecessor-version":[{"id":1194,"href":"http:\/\/osteria-vineria.com\/index.php?rest_route=\/wp\/v2\/pages\/90\/revisions\/1194"}],"wp:featuredmedia":[{"embeddable":true,"href":"http:\/\/osteria-vineria.com\/index.php?rest_route=\/wp\/v2\/media\/989"}],"wp:attachment":[{"href":"http:\/\/osteria-vineria.com\/index.php?rest_route=%2Fwp%2Fv2%2Fmedia&parent=90"}],"curies":[{"name":"wp","href":"https:\/\/api.w.org\/{rel}","templated":true}]}}